{"id":1326,"date":"2022-02-24T05:04:17","date_gmt":"2022-02-24T04:04:17","guid":{"rendered":"http:\/\/xn--manuelterapililleblt-z0b.dk\/?page_id=1326"},"modified":"2024-12-15T11:33:30","modified_gmt":"2024-12-15T10:33:30","slug":"behandlingstyper","status":"publish","type":"page","link":"https:\/\/manuelterapililleb\u00e6lt.dk\/?page_id=1326","title":{"rendered":"Behandlingstyper"},"content":{"rendered":"\n<div class=\"wp-block-uagb-container uagb-block-7629ef12 alignfull uagb-is-root-container\"><\/div>\n\n\n\n<div class=\"wp-block-uagb-container uagb-block-44873720 alignfull uagb-is-root-container\"><div class=\"uagb-container-inner-blocks-wrap\">\n<div class=\"wp-block-uagb-advanced-heading uagb-block-4028401c\"><h1 class=\"uagb-heading-text\">Behandlingstyper<\/h1><\/div>\n<\/div><\/div>\n\n\n\n<div class=\"wp-block-uagb-container uagb-block-4fb9090c alignfull uagb-is-root-container\"><div class=\"uagb-container-inner-blocks-wrap\">\n<div class=\"wp-block-uagb-container uagb-block-6bc9cec9\">\n<div class=\"wp-block-uagb-image uagb-block-931dc89c wp-block-uagb-image--layout-default wp-block-uagb-image--effect-zoomin wp-block-uagb-image--align-none\"><figure class=\"wp-block-uagb-image__figure\"><img decoding=\"async\" srcset=\"https:\/\/manuelterapililleb\u00e6lt.dk\/wp-content\/uploads\/2024\/12\/327164236_905518573814071_7237309735538924593_n-1024x683.jpg ,https:\/\/manuelterapililleb\u00e6lt.dk\/wp-content\/uploads\/2024\/12\/327164236_905518573814071_7237309735538924593_n.jpg 780w, https:\/\/manuelterapililleb\u00e6lt.dk\/wp-content\/uploads\/2024\/12\/327164236_905518573814071_7237309735538924593_n.jpg 360w\" sizes=\"auto, (max-width: 480px) 150px\" src=\"https:\/\/manuelterapililleb\u00e6lt.dk\/wp-content\/uploads\/2024\/12\/327164236_905518573814071_7237309735538924593_n-1024x683.jpg\" alt=\"\" class=\"uag-image-2563\" width=\"508\" height=\"338\" title=\"\" loading=\"lazy\"\/><\/figure><\/div>\n<\/div>\n\n\n\n<div class=\"wp-block-uagb-container uagb-block-83e2d768\">\n<div class=\"wp-block-uagb-info-box uagb-block-7515cf9a uagb-infobox__content-wrap  uagb-infobox-icon-above-title uagb-infobox-image-valign-top\"><div class=\"uagb-ifb-content\"><div class=\"uagb-ifb-title-wrap\"><h4 class=\"uagb-ifb-title\">Manuel Terapi<\/h4><\/div><p class=\"uagb-ifb-desc\">Manuel Terapi er en behandlingsform, hvor man bruger h\u00e6nderne til unders\u00f8gelse og udf\u00f8re behandling. Det bruges typisk hvis man har nedsat bev\u00e6gelighed\/smerter hvor \u00e5rsagen kan v\u00e6re muskel sp\u00e6ndinger, l\u00e5sninger eller led problemer.<br><br>Manuel Terapi betyder at man behandler med sine h\u00e6nder, og der bruges flere teknikker til at l\u00f8sne sp\u00e6ndinger.<\/p><\/div><\/div>\n\n\n\n<figure class=\"wp-block-table is-style-regular\"><table class=\"has-border-color has-ast-global-color-1-border-color\" style=\"border-style:solid;border-width:1px\"><tbody><tr><td>1.gangs behandling + unders\u00f8gelse &#8211; Spar 50%<\/td><td>DKK 295,-<\/td><\/tr><tr><td>45 minutter<\/td><td>DKK 495,-<\/td><\/tr><tr><td>30 minutter <\/td><td>DKK 358,-<\/td><\/tr><\/tbody><\/table><figcaption class=\"wp-element-caption\">OBS. Bookingsystemetspriser er g\u00e6ldende.<\/figcaption><\/figure>\n\n\n\n<div class=\"wp-block-uagb-info-box uagb-block-911ef139 uagb-infobox__content-wrap  uagb-infobox-icon-above-title uagb-infobox-image-valign-top\"><div class=\"uagb-ifb-content\"><div class=\"uagb-ifb-title-wrap\"><\/div><div class=\"uagb-ifb-button-wrapper wp-block-button\"><a href=\"https:\/\/xn--manuelterapililleblt-z0b.dk\/?page_id=1877\" class=\"uagb-infobox-cta-link wp-block-button__link\" target=\"_self\" rel=\"noopener noreferrer\" onclick=\"return true;\" alt=\"\"><span class=\"uagb-inline-editing\">BOOK TID<\/span><svg xmlns=\"https:\/\/www.w3.org\/2000\/svg\" viewBox=\"0 0 512 512\"><path d=\"M504.3 273.6l-112.1 104c-6.992 6.484-17.18 8.218-25.94 4.406c-8.758-3.812-14.42-12.45-14.42-21.1L351.9 288H32C14.33 288 .0002 273.7 .0002 255.1S14.33 224 32 224h319.9l0-72c0-9.547 5.66-18.19 14.42-22c8.754-3.809 18.95-2.075 25.94 4.41l112.1 104C514.6 247.9 514.6 264.1 504.3 273.6z\"><\/path><\/svg><\/a><\/div><\/div><\/div>\n<\/div>\n<\/div><\/div>\n\n\n\n<div class=\"wp-block-uagb-container uagb-block-b5ade941 alignfull uagb-is-root-container\"><div class=\"uagb-container-inner-blocks-wrap\">\n<div class=\"wp-block-uagb-container uagb-block-a9a1472b alignfull uagb-is-root-container\"><div class=\"uagb-container-inner-blocks-wrap\">\n<div class=\"wp-block-uagb-image uagb-block-b5a3f0cf wp-block-uagb-image--layout-default wp-block-uagb-image--effect-zoomin wp-block-uagb-image--align-none\"><figure class=\"wp-block-uagb-image__figure\"><img decoding=\"async\" srcset=\"https:\/\/manuelterapililleb\u00e6lt.dk\/wp-content\/uploads\/2023\/02\/fin-8237-683x1024.jpg ,https:\/\/xn--manuelterapililleblt-z0b.dk\/wp-content\/uploads\/2021\/11\/service-1.jpg 780w, httpss:\/\/manuelterapililleb\u00e6lt.dk\/wp-content\/uploads\/2022\/11\/young-woman-receiving-back-massage-spa-center-1-2-222x300.jpg 360w\" sizes=\"auto, (max-width: 480px) 150px\" src=\"https:\/\/manuelterapililleb\u00e6lt.dk\/wp-content\/uploads\/2023\/02\/fin-8237-683x1024.jpg\" alt=\"\" class=\"uag-image-2529\" width=\"683\" height=\"650\" title=\"\" loading=\"lazy\"\/><\/figure><\/div>\n<\/div><\/div>\n\n\n\n<div class=\"wp-block-uagb-container uagb-block-c3050ba5\">\n<div class=\"wp-block-uagb-info-box uagb-block-024df002 uagb-infobox__content-wrap  uagb-infobox-icon-above-title uagb-infobox-image-valign-top\"><div class=\"uagb-ifb-content\"><div class=\"uagb-ifb-title-wrap\"><h4 class=\"uagb-ifb-title\">Massage (Fysiurgisk)<\/h4><\/div><p class=\"uagb-ifb-desc\">Med en fysiurgisk massage behandles kroppens muskler og led ved dybdeg\u00e5ende massage med h\u00e6nderne. Her p\u00e5virkes bl.a. muskler, sener, bindev\u00e6v og ledb\u00e5nd.<br><br>Positive effekt af dette er blandt andet at:<br>&#8211; Kredsl\u00f8bet stimuleres<br>&#8211; Blodgennemstr\u00f8mningen \u00f8ges<br>&#8211; Iltoptaget i musklerne \u00f8ges, hvilket styrker ydeevnen<br>&#8211; Muskulaturen f\u00f8les mere afslappet.<\/p><\/div><\/div>\n\n\n\n<figure class=\"wp-block-table is-style-regular\"><table class=\"has-border-color has-ast-global-color-1-border-color\" style=\"border-style:solid;border-width:1px\"><tbody><tr><td>60 minutter<\/td><td>DKK 550,-<\/td><\/tr><tr><td>45 minutter<\/td><td>DKK 432,-<\/td><\/tr><tr><td>30 minutter<\/td><td>DKK 330,-<\/td><\/tr><\/tbody><\/table><figcaption class=\"wp-element-caption\">OBS. Bookingsystemetspriser er g\u00e6ldende.<\/figcaption><\/figure>\n\n\n\n<div class=\"wp-block-uagb-info-box uagb-block-284b1454 uagb-infobox__content-wrap  uagb-infobox-icon-above-title uagb-infobox-image-valign-top\"><div class=\"uagb-ifb-content\"><div class=\"uagb-ifb-title-wrap\"><\/div><div class=\"uagb-ifb-button-wrapper wp-block-button\"><a href=\"https:\/\/xn--manuelterapililleblt-z0b.dk\/?page_id=1877\" class=\"uagb-infobox-cta-link wp-block-button__link\" target=\"_self\" rel=\"noopener noreferrer\" onclick=\"return true;\" alt=\"\"><span class=\"uagb-inline-editing\">BOOK TID<\/span><svg xmlns=\"https:\/\/www.w3.org\/2000\/svg\" viewBox=\"0 0 512 512\"><path d=\"M504.3 273.6l-112.1 104c-6.992 6.484-17.18 8.218-25.94 4.406c-8.758-3.812-14.42-12.45-14.42-21.1L351.9 288H32C14.33 288 .0002 273.7 .0002 255.1S14.33 224 32 224h319.9l0-72c0-9.547 5.66-18.19 14.42-22c8.754-3.809 18.95-2.075 25.94 4.41l112.1 104C514.6 247.9 514.6 264.1 504.3 273.6z\"><\/path><\/svg><\/a><\/div><\/div><\/div>\n<\/div>\n<\/div><\/div>\n","protected":false},"excerpt":{"rendered":"<p>Behandlingstyper 1.gangs behandling + unders\u00f8gelse &#8211; Spar 50% DKK 295,- 45 minutter DKK 495,- 30 minutter DKK 358,- OBS. Bookingsystemetspriser er g\u00e6ldende. 60 minutter DKK 550,- 45 minutter DKK 432,- 30 minutter DKK 330,- OBS. Bookingsystemetspriser er g\u00e6ldende.<\/p>\n","protected":false},"author":1,"featured_media":0,"parent":0,"menu_order":0,"comment_status":"closed","ping_status":"closed","template":"","meta":{"om_disable_all_campaigns":false,"_uag_custom_page_level_css":"","_monsterinsights_skip_tracking":false,"_monsterinsights_sitenote_active":false,"_monsterinsights_sitenote_note":"","_monsterinsights_sitenote_category":0,"site-sidebar-layout":"no-sidebar","site-content-layout":"page-builder","ast-global-header-display":"","ast-main-header-display":"","ast-hfb-above-header-display":"","ast-hfb-below-header-display":"","ast-hfb-mobile-header-display":"","site-post-title":"disabled","ast-breadcrumbs-content":"","ast-featured-img":"disabled","footer-sml-layout":"","theme-transparent-header-meta":"enabled","adv-header-id-meta":"","stick-header-meta":"","header-above-stick-meta":"","header-main-stick-meta":"","header-below-stick-meta":"","_themeisle_gutenberg_block_has_review":false,"footnotes":""},"class_list":["post-1326","page","type-page","status-publish","hentry"],"aioseo_notices":[],"uagb_featured_image_src":{"full":false,"thumbnail":false,"medium":false,"medium_large":false,"large":false,"1536x1536":false,"2048x2048":false},"uagb_author_info":{"display_name":"hrhougaard114@gmail.com","author_link":"https:\/\/manuelterapililleb\u00e6lt.dk\/?author=1"},"uagb_comment_info":0,"uagb_excerpt":"Behandlingstyper 1.gangs behandling + unders\u00f8gelse &#8211; Spar 50% DKK 295,- 45 minutter DKK 495,- 30 minutter DKK 358,- OBS. Bookingsystemetspriser er g\u00e6ldende. 60 minutter DKK 550,- 45 minutter DKK 432,- 30 minutter DKK 330,- OBS. Bookingsystemetspriser er g\u00e6ldende.","_links":{"self":[{"href":"https:\/\/manuelterapililleb\u00e6lt.dk\/index.php?rest_route=\/wp\/v2\/pages\/1326","targetHints":{"allow":["GET"]}}],"collection":[{"href":"https:\/\/manuelterapililleb\u00e6lt.dk\/index.php?rest_route=\/wp\/v2\/pages"}],"about":[{"href":"https:\/\/manuelterapililleb\u00e6lt.dk\/index.php?rest_route=\/wp\/v2\/types\/page"}],"author":[{"embeddable":true,"href":"https:\/\/manuelterapililleb\u00e6lt.dk\/index.php?rest_route=\/wp\/v2\/users\/1"}],"replies":[{"embeddable":true,"href":"https:\/\/manuelterapililleb\u00e6lt.dk\/index.php?rest_route=%2Fwp%2Fv2%2Fcomments&post=1326"}],"version-history":[{"count":70,"href":"https:\/\/manuelterapililleb\u00e6lt.dk\/index.php?rest_route=\/wp\/v2\/pages\/1326\/revisions"}],"predecessor-version":[{"id":2565,"href":"https:\/\/manuelterapililleb\u00e6lt.dk\/index.php?rest_route=\/wp\/v2\/pages\/1326\/revisions\/2565"}],"wp:attachment":[{"href":"https:\/\/manuelterapililleb\u00e6lt.dk\/index.php?rest_route=%2Fwp%2Fv2%2Fmedia&parent=1326"}],"curies":[{"name":"wp","href":"https:\/\/api.w.org\/{rel}","templated":true}]}}